5470
What is 1000000001000111011000 (base 2) in base 13?
58782a
Convert 1906b3 (base 14) to base 8.
3300245
What is -2103104 (base 13) in base 2?
-100110010001001000111011
76d789 (base 14) to base 10
4032429
Convert -123285 (base 9) to base 12.
-37205
Convert -11010010111111101011 (base 2) to base 16.
-d2feb
Convert -1210000210102 (base 3) to base 8.
-3466322
What is 16b9a6 (base 13) in base 4?
2022302203
What is -330200012 (base 5) in base 9?
-2582532
5367433 (base 8) to base 6
50450535
50c428 (base 16) to base 13
1134313
-54721 (base 12) to base 14
-2c973
481494 (base 10) to base 15
979e9
-20b666 (base 12) to base 13
-1517a6
What is 4ae0a (base 15) in base 11?
153966
What is 12404315 (base 6) in base 5?
100432320
What is -1063304 (base 7) in base 14?
-367ab
Convert 78407 (base 16) to base 12.
1b905b
What is 100010001000111101010 (base 2) in base 10?
1118698
-4c77c (base 13) to base 9
-235570
What is -eb3c (base 16) in base 15?
-12c9a
Convert 2125345 (base 6) to base 15.
21132
Convert -7063471 (base 8) to base 10.
-1861433
What is -13762328 (base 9) in base 8?
-32037160
What is 153115162 (base 7) in base 6?
1003455411
Convert -101222200110 (base 3) to base 2.
-110100110011011010
What is -20201211020 (base 3) in base 6?
-2501353
Convert -3d810 (base 15) to base 14.
-51ddb
What is -111111010111010001 (base 2) in base 14?
-6a825
What is -111110101100100011001 (base 2) in base 9?
-3771124
Convert -76267 (base 13) to base 4.
-310020130
32195 (base 13) to base 12
44368
What is 8343a (base 16) in base 8?
2032072
Convert 190722 (base 12) to base 15.
894e5
-25404242 (base 6) to base 15
-114798
What is -100210121200212 (base 3) in base 6?
-303345205
137342 (base 9) to base 15
19dcb
Convert 1001111100110001001 (base 2) to base 10.
326025
What is -483257 (base 13) in base 2?
-110100100000101010101
-1412530251 (base 6) to base 12
-5920987
What is 320223031 (base 4) in base 8?
705315
1103651 (base 9) to base 11
375761
What is -2121100101 (base 3) in base 2?
-1100100001010011
-168464 (base 15) to base 11
-685857
130555014 (base 6) to base 12
a38a6a
103663 (base 11) to base 12
7bb7b
Convert 132101012131 (base 4) to base 14.
10a7765
3332201330 (base 4) to base 13
2a66c8
1002031333 (base 4) to base 13
965bc
-1774b (base 12) to base 6
-420535
Convert -13331032 (base 6) to base 8.
-1551574
What is 1110110011000001 (base 2) in base 3?
10002010210
Convert -1050a93 (base 12) to base 14.
-5a6771
Convert 11131030032 (base 4) to base 6.
50353410
Convert 2010220222121 (base 3) to base 5.
242441040
Convert 3426b7 (base 13) to base 11.
772979
What is -1053020 (base 10) in base 4?
-10001011130
What is 3544123 (base 8) in base 14?
1b30b1
Convert -a9724 (base 12) to base 15.
-4654d
-1eb44 (base 16) to base 9
-211457
621324 (base 8) to base 5
23034044
Convert -545c9 (base 14) to base 12.
-9a219
20122200021121 (base 3) to base 16
35f6c8
Convert 20233012100 (base 4) to base 3.
11022100101012
31153256 (base 7) to base 3
11221000120112
Convert -3610410 (base 7) to base 14.
-bc477
What is 2202031011 (base 4) in base 9?
1222330
What is -1200401 (base 6) in base 3?
-10011112101
bb42 (base 14) to base 12
168ba
Convert 432073 (base 8) to base 6.
3032415
Convert -77136 (base 13) to base 6.
-4341440
Convert 1170163 (base 11) to base 4.
13300321121
18153 (base 12) to base 3
1202200200
What is -440025 (base 7) in base 11?
-52815
What is -16485c (base 13) in base 11?
-348425
Convert 13b8184 (base 12) to base 8.
17122764
Convert 359c92 (base 13) to base 3.
2101221220201
108225 (base 10) to base 4
122123001
Convert -325135513 (base 6) to base 15.
-7a6c73
5239243 (base 11) to base 9
18336481
-1439c (base 16) to base 10
-82844
Convert 7e975 (base 15) to base 3.
202111212002
Convert 10320112103 (base 4) to base 10.
1279379
What is -132231233 (base 4) in base 15?
-27422
-1106323 (base 7) to base 4
-201113212
21334143 (base 6) to base 4
2122330233
What is -1123303203 (base 4) in base 5?
-44013120
What is 2002022121110 (base 3) in base 12?
455610
Convert 12053411 (base 6) to base 4.
1130321233
What is -506e9b (base 15) in base 4?
-32210232011
What is 100200220221 (base 3) in base 2?
101110100111011110
2123221233 (base 4) to base 3
1012101120000
Convert 30226811 (base 9) to base 14.
1cd0bc3
673216 (base 9) to base 6
12343453
What is 124891 (base 10) in base 4?
132133123
Convert -2022100000212 (base 3) to base 10.
-1226930
315350144 (base 6) to base 12
1a52354
212230130 (base 4) to base 16
26b1c
Convert a717 (base 11) to base 14.
5247
Convert 11950974 (base 10) to base 14.
1831450
What is 168760 (base 13) in base 6?
20011304
What is 25536011 (base 7) in base 2?
1000111000100000111011
What is 12133310113 (base 4) in base 14?
3249a7
Convert 249a3 (base 15) to base 14.
30880
-16102 (base 12) to base 2
-111101000010010
1111101001111111000 (base 2) to base 14
d4d60
What is 58c943 (base 15) in base 13?
b57c22
-52593 (base 10) to base 11
-36572
Convert -5430122 (base 7) to base 9.
-1220088
What is -20211010311 (base 4) in base 6?
-120112033
What is 4ca1d (base 14) in base 6?
4013015
Convert -205904 (base 13) to base 6.
-24103452
What is 121230023 (base 4) in base 13?
38b85
-30366861 (base 9) to base 10
-14570497
Convert -1242420 (base 7) to base 8.
-473743
Convert -2120154 (base 6) to base 15.
-20b1a
-12100123020 (base 4) to base 14
-309a08
107a77 (base 12) to base 6
5343031
-316667 (base 8) to base 9
-171248
Convert 283780 (base 10) to base 15.
5913a
Convert 131916 (base 10) to base 13.
48075
Convert -248457 (base 14) to base 9.
-2317530
What is -4242500 (base 7) in base 9?
-864078
-189906 (base 11) to base 16
-471b5
Convert 222000220122000 (base 3) to base 13.
2b35552
What is 1c2b020 (base 13) in base 7?
142406146
What is 31474627 (base 8) in base 5?
3204401144
What is c47c6 (base 14) in base 9?
801476
30b326 (base 16) to base 9
6004031
Convert -20141620 (base 7) to base 15.
-23109d
Convert 354153202 (base 6) to base 13.
14b6493
Convert -10111101111110011 (base 2) to base 10.
-97267
-152400143 (base 7) to base 6
-1002145202
68e (base 16) to base 10
1678
-21200344 (base 5) to base 4
-223200300
What is 7063a (base 13) in base 11?
128009
Convert -1110011011111100001000 (base 2) to base 5.
-1432100311
119a304 (base 11) to base 6
112312350
What is 1574063 (base 8) in base 9?
765485
What is 2522143 (base 7) in base 11?
202115
Convert 178461 (base 15) to base 7.
12463456
What is -1bb7d (base 14) in base 7?
-413416
-51341402 (base 6) to base 11
-918390
-1df26a (base 16) to base 4
-13133021222
-112303200 (base 5) to base 14
-d3b04
What is 322201221 (base 4) in base 15?
4b066
1462323 (base 10) to base 9
2667833
-100000011011100100110 (base 2) to base 6
-34435514
Convert 1a21588 (base 11) to base 13.
926871
Convert 251717 (base 10) to base 4.
331131011
What is -2360139 (base 13) in base 7?
-161660235
525543 (base 10) to base 11
329937
Convert -12405254 (base 9) to base 12.
-2055b27
122220200100 (base 3) to base 15
6e71c
What is 15a00b (base 13) in base 2?
10000010111000001111
Convert 4246e7 (base 15) to base 10.
3153817
-13989 (base 16) to base 6
-1415333
Convert -647b1a (base 15) to base 5.
-2211104000
What is 434412 (base 5) in base 11?
10290
What is -190c5a (base 13) in base 11?
-3a0732
-2784968 (base 10) to base 14
-526d04
2433102 (base 7) to base 13
ab615
What is 12a36 (base 15) in base 5?
3402201
-21424015 (base 6) to base 2
-10011100100001001011
Convert -49d38 (base 15) to base 14.
-61d49
What is 501101 (base 8) in base 7?
1253231
110011010101011 (base 2) to base 13
bc6a
What is 85c634 (base 14) in base 13?
c2749c
-103402141 (base 5) to base 12
-198708
543a65 (base 14) to base 2
1010111000100011001001
What is 11022021000100 (base 3) in base 6?
121014100
What is -5638820 (base 9) in base 7?
-34551132
What is -9496c1 (base 13) in base 2?
-1101010000110101011001
What is 1645214 (base 8) in base 16?
74a8c
Convert 12121212 (base 3) to base 11.
3098
What is 204767 (base 11) in base 9?
550358
17087b (base 14) to base 3
1112001221020
-45016 (base 12) to base 11
-62905
What is 42aa881 (base 11) in base 3?
112020112212220
-1124274 (base 8) to base 4
-1022202330
Convert 13312132032 (base 4) to base 16.
1f678e
-65400 (base 7) to base 14
-5d37
5e61b (base 15) to base 11
19678a
What is 220120041 (base 5) in base 6?
